7*o - 4. Calculate z(y).
48
Let s(p) = p - 3. Let u(n) = -20*n**3 - 2*n**2 + 5*n + 23. Let h(d) = 7*d**3 + d**2 - 2*d - 8. Let a(y) = -17*h(y) - 6*u(y). Let b be a(3). Determine s(b).
-11
Let z(u) = 3962*u**2 + 2*u - 45 - 43 - 3961*u**2. Give z(-10).
-8
Let n(r) = 851*r**2 - 1693*r**2 + 1 + 841*r**2. Let c(q) = -2*q**2 - q + 3. Let p = -2 - -1. Let i(w) = p*c(w) + 4*n(w). Give i(-2).
-9
Let d be (-22)/4 + (-6)/(-12). Let c(q) = q + 9. Let f(s) = 4*s + 23. Let z(m) = 2*c(m) - f(m). Calculate z(d).
5
Let g(t) be the third derivative of -1/12*t**4 + 1/30*t**5 + 0 + 0*t + 196*t**2 + 1/6*t**3 - 4/15*t**6. Give g(1).
-31
Let m(y) = -6*y - 52. Suppose -20*x - 115 = 65. What is m(x)?
2
Let i(u) = u - 12. Let v(o) = -2. Suppose 48*l + 6 = 46*l. Let r(t) = l*v(t) + i(t). Give r(-2).
-8
Let y(j) = 3*j**2 - 7*j - 2. Let w(f) = -14*f - 3 + 23*f**2 + 18*f**2 - 34*f**2. Let u(h) = 4*w(h) - 9*y(h). What is u(-6)?
0
Let r(g) = 42*g - 883. Let c(n) = 21*n - 492. Let z(p) = -7*c(p) + 4*r(p). Determine z(8).
80
Let c(g) = 7*g**2 - 59*g + 25. Let p(d) = 3*d**3 - 100*d**2 + 30*d + 107. Let y be p(33). Give c(y).
1
Let a(t) = t. Let l = -24 - -28. Let y(x) = -x + 12. Let g be y(l). Suppose 4*o - 2*i - g = -2, -2*i = o + 6. Determine a(o).
0
Let x(v) = v**2 - 2*v - 6. Let c(l) = -l**2 - l + 5. Let w be c(-4). Let i be (-1 + 0)*10*w/14. Calculate x(i).
9
Let m(k) = 0*k**2 + 10 - 56*k + 57*k + 1 - 7*k**2. Let l(i) = -9*i**2 + i + 12. Let w(a) = -3*l(a) + 4*m(a). Calculate w(0).
8
Suppose 3*g = -2*q + 20, -21 = -4*g + 2*q + q. Let y(o) = g + 4*o + o - 4 + 13. Give y(-4).
-5
Let f(r) = 4*r + 8. Let g = 297 + -292. Suppose 4 = 4*n, 7*n = m + g*n + 10. Calculate f(m).
-24
Suppose -103 = -3*g + j, 0 = 4*g - 0*j + 4*j - 116. Let r = 34 - g. Let c(a) = a**2 + 16*a**2 + 1 - a - 16*a**2 - 4*a**3. Calculate c(r).
-3
Let d(w) = -22*w - 2*w**2 - w**3 + 59*w + 1 - 20*w - 21*w. What is d(-3)?
22
Let c(r) = 2*r**2 + 4*r - 2. Let k be 2 + (-57 - -1)/14. What is c(k)?
-2
Suppose 5*g - 4*g = -6*g. Let h be (2 + g)/(24/36). Let j(f) = f - 2*f**3 - 2 + 3*f**h - 10 - 8*f**2 + f. What is j(8)?
4
Let w be (7 + -8)*(24 + (-14 - -5)). Let l(a) = a**3 + 15*a**2 + 2*a - 32. Determine l(w).
-62
Let x(c) = -16*c**2 + 11*c + 15*c**2 - 344 + 371. Determine x(13).
1
Suppose 2*c + 10 = 4*c. Let f(t) be the first derivative of 3*t - 69 - 1/2*t**2. Calculate f(c).
-2
Let q(u) = 12*u - 3465*u**3 + 0 + 17 + 3466*u**3 - 15*u**2. What is q(14)?
-11
Let m(a) = -11496 - 4*a + 2*a**3 + 2*a + 11497. Calculate m(1).
1
Let w(d) = -6*d + 22*d - 9*d - 8*d - 3. Let k be w(-5). Suppose -5*t + k*i - 3 + 26 = 0, -i = -1. Let o(g) = -g**2 + 4*g. Give o(t).
-5
Let l(g) be the first derivative of -g**4/4 + 11*g**3/3 - 4*g**2 + 16*g + 3916. What is l(9)?
106
Let v(a) = 2 + 0 + 5*a - 6*a. Suppose -4*u + z - 112 = -3*z, -4*u = z + 112. Let b be 72/20*(u/(-6) - 3). Determine v(b).
-4
Let p(v) be the third derivative of 1/2*v**3 + 3*v**2 - 1/120*v**6 + 4 + 0*v + 1/12*v**4 - 1/30*v**5. Determine p(-2).
-1
Let w(j) = -j**3 - j**2 + 3*j - 4. Suppose -4*q = -3*q + 1. Let z be q*(-2 + 0 - 1). Suppose z*l - 9 = 6*l. Give w(l).
5
Let y(u) be the first derivative of u**4/4 - 10*u**3/3 + u**2/2 - 11*u + 1029. What is y(10)?
-1
Let c(w) = 3*w**3 + w + 1. Let z(p) = 11*p**3 + 4*p**2 + 3*p + 5. Let r(l) = -4*c(l) + z(l). Determine r(5).
-29
Let x(k) = 3*k - 39. Suppose 215 = 3*h + 224, -4*w - 2*h = 6. What is x(w)?
-39
Let j(y) be the second derivative of -96*y + 7/6*y**3 + 0 + 0*y**2 - 1/20*y**5 - 5/12*y**4. Give j(-6).
-6
Let o(b) = 15*b**2 - 11*b + 27. Let m(j) = 26*j**2 - 23*j + 53. Let n(d) = -4*m(d) + 7*o(d). Let y(i) = -14*i**2 + i - 2. Let z be y(-1). Give n(z).
11
Suppose -3 = -2*i + i. Suppose 9*q - 36 = -9*q. Let u(p) = -p - 4 - q*p + 6 + 0*p. Calculate u(i).
-7
Let p be 7 + -3*1 + -2 + 8. Let i be (-5 + p + -5)/2. Suppose -3*o + g + 0*g = 0, -4*g = i. Let u(v) = v**3 + v**2 + v - 2. Give u(o).
-2
Let u(g) = -1090638 + 1090638 - g**2 - 9*g**3 - g. Calculate u(2).
-78
Let a = -3598319/120 + 29986. Let h(v) be the third derivative of -a*v**6 + 0 - 5/24*v**4 + 1/12*v**5 + 0*v - 14*v**2 + 2/3*v**3. What is h(3)?
7
Let m(u) be the second derivative of u**4/12 + 3*u**3/2 + 4*u**2 + 479*u. What is m(-7)?
-6
Let h be -8 + ((-280)/(-30) - -6) - (-4)/6. Let u(q) = -3*q - 12. Determine u(h).
-36
Let h(g) = 8*g**2 + 2*g - 2. Let x(s) = -255*s + 1787. Let y be x(7). Calculate h(y).
34
Let u(k) = 175 - 348 + 177 - k. Suppose -3*i = 15, 4*i + 25 = l + 2. Suppose 3*m = l*j + 33, -3*m - 4*j - 4 + 2 = 0. What is u(m)?
-2
Let v(t) = -1 - 3*t - 4*t + 1350*t**3 - 2*t - 1355*t**3 + 4*t**2 - 12*t**2. Let w(c) = 4*c**3 + 8*c**2 + 7*c + 2. Let j(m) = -3*v(m) - 4*w(m). Calculate j(-8).
3
Let o(m) = -3*m**2 + 6*m - 6. Suppose 3*f + 3*i + 0*i = 30, -4*f + 285 = 39*i. Determine o(f).
-15
Let v(t) be the third derivative of -t**7/840 + t**6/180 + 7*t**5/120 + 57*t**3/2 + 246*t**2. Let y(r) be the first derivative of v(r). Give y(5).
-40
Let c(n) = n + 3. Let b = 3 + 0. Let p(j) = 5*j**2 - 245*j - 496. Let m be p(-2). Suppose -2 + m = b*i. Give c(i).
7
Suppose -5 + 35 = 2*f - 5*r, 2*f + 4*r + 24 = 0. Let j(a) be the third derivative of -a**5/60 + 3*a**3/2 + 2*a**2 - a. What is j(f)?
9
Suppose 0 = 2*g - 2*y - y - 7, -5*g - 4*y = -6. Suppose 3*r - 16 = -4*n + g*r, -5 = n - 2*r. Let a(u) = 7*u - 2. What is a(n)?
19
Let c = 17530 + -17528. Let r(f) = 2*f**3 - 3*f**2 - 12*f + 28. Determine r(c).
8
Let a(l) = 2*l**3 - 5*l**2 - 11*l - 10. Let q(k) = -4*k**3 + 10*k**2 + 20*k + 16. Let t(r) = -5*a(r) - 3*q(r). Determine t(3).
-4
Suppose -3*i + 6 = t - 0*i, -7*i - 26 = 5*t. Let s(u) = -15*u - 221. Calculate s(t).
4
Let q(g) be the second derivative of -1/60*g**5 + 3/2*g**3 + g + 0 - 1/8*g**4 + 0*g**2. Let j(l) be the second derivative of q(l). Calculate j(-5).
7
Let c(k) = 2*k**3 - 10*k**2 + 2*k - 15. Let z be c(5). Let x be 35/2 + z/(-2) + -3. Let r(v) = -18 + 29*v - 16*v - 15*v + x. Give r(-4).
7
Let t(k) = 373 - 187 - 175 - 11*k. Determine t(-6).
77
Let s = 79 + -51. Suppose -4*o = 5*f - 0*o - s, -10 = -3*f + o. Let b be (8 + f)*1/(-2). Let w(p) = p**3 + 7*p**2 + 7*p + 5. Give w(b).
-1
Let g(a) be the third derivative of a**5/30 - 2*a**4/3 - 5*a**3/3 - a**2 - 12*a - 3. What is g(9)?
8
Let a(g) = 1 - 2*g**2 + 16*g + 15*g - 33*g. Let w = -603 + 600. Give a(w).
-11
Suppose 17*k + 85 = -0*k. Let s(g) be the second derivative of -g**5/60 - g**4/6 + 7*g**3/6 + 2*g**2 + 2*g. Let r(q) be the first derivative of s(q). Give r(k).
2
Let d(p) be the second derivative of 0 + 20*p - 1/2*p**3 - 7/2*p**2 + 1/12*p**4. Let k(z) be the first derivative of d(z). Give k(3).
3
Suppose 0 = c - 2*h - 8, -3*c = 3*h - 0*h + 12. Suppose 2*v + 14*v = c. Let a(s) = -s**3 - s**2 - s - 12. Determine a(v).
-12
Let q(z) = -23*z - 42. Let l be (3/6 - 3)*(-24)/(-30). Give q(l).
4
Let k(d) be the third derivative of 11*d**4/4 - d**3/3 + 2940*d**2. What is k(1)?
64
Suppose -12*t + 120 = 7*t + t. Let m(b) = -b**3 + 6*b**2 - b + 8. What is m(t)?
2
Let c(f) = f**3 - 17*f**2 - 15. Let q(d) = -d**3 + 11*d**2 + 62*d - 583. Let g be q(12). Calculate c(g).
-15
Let k(o) = -2*o + 3. Let g(s) = 10*s - 26. Let n(j) = -g(j) + 2*k(j). Calculate n(3).
-10
Let w(i) be the second derivative of -13*i**3/6 + 29*i**2 - i + 96. Calculate w(4).
6
Let d(l) = l**3 + 9*l**2 - 35*l + 17. Let q(u) = -23*u - 1438. Let a be q(-62). Calculate d(a).
5
Let x(r) be the second derivative of -r**5/20 + 3*r**3/2 + 2*r**2 - 5641*r. Determine x(-4).
32
Let b(i) = -10*i**2 - 17*i + 9. Let j(t) = 8*t**2 + 18*t - 9. Let h(k) = -3*b(k) - 4*j(k). Give h(-10).
19
Let m(k) be the second derivative of k**6/360 + 17*k**5/120 - 19*k**4/3 + 191*k. Let z(x) be the third derivative of m(x). What is z(-10)?
-3
Let h = -262 - -310. Suppose -25*m + 2 = -h. Let f(x) = -2*x**3 + 2*x**2 + 1. What is f(m)?
-7
Let k(b) be the second derivative of b**4/4 + 17*b**3/6 - 828*b. Give k(-6).
6
Let a(r) = 3*r**2 - 5. Let x = 4207 + -4205. Determine a(x).
7
Suppose -245*o - 15 = -248*o. Let d(l) = -o*l - l + 2*l - 5*l. What is d(1)?
-9
Let j(x) = 2*x**2 - 7*x - 7. Suppose 50*w - 115*w = -520. What is j(w)?
65
Let m(b) = b**2 + 10*b - 47. Let a be (-18)/10*(37/(-21) + 126/1323). Determine m(a).
-8
Let d = 430 - 421. Let a(r) = d*r + 9*r - 6 - 15*r + 9 + r**2. Det